u be l(j). Suppose -f - 2*f + 15 = u. What is the units digit of f?
5
Let t(k) be the second derivative of 5*k**4/12 + k**3/2 + 10*k**2 + 2*k - 9. What is the units digit of t(6)?
8
Let u(y) = 10*y**2 - 3*y + 13. Let f be u(8). Suppose 2*c = -5*n - 381 + 1018, -5*n - 4*c = -f. What is the tens digit of n?
2
Suppose 0 = -2*s + n - 3, 5*s = -n + 2*n. Let d(r) = 84*r + 4. What is the tens digit of d(s)?
8
Suppose -4*b = -9*o + 10*o - 328, -b + 2*o = -91. What is the units digit of b?
3
Let g(p) = p**2 + 6*p + 4. Let a be g(-4). Let c(h) = -h**2 - h. Let z(n) = -2*n**2 + n + 1. Let m(s) = -3*c(s) + z(s). What is the units digit of m(a)?
1
Suppose 3*m = 6*m + 6. What is the tens digit of 2/4 - 249/m?
2
Let t(k) = -k**3 + k. Let u be t(1). Suppose 3*b + 0*b - 6 = u. Suppose -3*r - 54 = -5*x - 0*r, r = b. What is the units digit of x?
2
Let u be -8 + 12 + 1 + 4. Suppose u*q = 4*q + 85. What is the tens digit of q?
1
Let q(k) = 2*k**2 - 4*k - 9. Let v be ((-3)/2)/((-12)/(-32)). What is the units digit of q(v)?
9
Let u be (2 - 1) + 6*5/10. Suppose 2*d + 658 = 5*y, -u*y - 2*d = -365 - 165. What is the hundreds digit of y?
1
Suppose 9 = -0*q - q. Let n be 90/(-12)*(-24)/9. Let d = n + q. What is the tens digit of d?
1
Suppose 0 = 5*q + 4*g + 57, -2*q + 5*g = -3*q - 24. What is the tens digit of -3*(-3)/q - -70?
6
Let u(i) be the third derivative of -i**4/12 - 7*i**3/6 - i**2. Let v = -19 + 12. What is the units digit of u(v)?
7
Let u = -785 + 2069. What is the hundreds digit of u?
2
Suppose 5*t - 925 - 4562 = -3*i, t = 5*i - 9117. What is the hundreds digit of i?
8
Suppose -20*v + 865 = -3575. What is the units digit of v?
2
Let l(o) = o**2 - 6*o + 2. Suppose -v + 5 = 4*a - 5*a, -2*a = 0. Let g be l(v). What is the tens digit of 3/((9/(-16))/g)?
1
Let w(g) = 0*g - 3*g + 6*g**2 - 2 + 6*g**2. What is the units digit of w(-1)?
3
What is the hundreds digit of (-33144)/(-51) + (-16)/(-136)?
6
Let w(s) be the second derivative of -145*s**3/6 + 3*s**2/2 + 20*s. What is the tens digit of w(-1)?
4
Suppose -5*m = -10*m + 10. What is the tens digit of m*(-2913)/(-22) + (-12)/(-66)?
6
What is the hundreds digit of ((-12)/15)/(6 + 6182/(-1030))?
4
Suppose -1 + 4 = 5*o + 4*i, 12 = 2*o - 2*i. Suppose 2*l + o = 5*l. What is the tens digit of (2/8)/(l/76)?
1
Let t(c) = c**2 + 6*c - 7. Let j be t(-7). Suppose j = 2*u - 5*u + 180. What is the units digit of u?
0
What is the hundreds digit of (1258/102)/(-1 + 32/30)?
1
Let n(c) = -51*c - 40. What is the hundreds digit of n(-7)?
3
Let i(n) = -n**2 + 4627*n - 55 - 24 + 23 - 4601*n. What is the tens digit of i(18)?
8
Suppose 2*q - 5*l - 1120 = q, -q = 5*l - 1160. Suppose q = 10*k + 410. What is the tens digit of k?
7
Let j be (-1 + 0)*(-92)/(-2). Let i be (-1)/(-7) - 5093/77. Let m = j - i. What is the units digit of m?
0
Let l be -179 - 12/20*5. Let k = -21 - l. What is the units digit of k?
1
Let d = -234 + 1391. What is the units digit of d?
7
Let h = 2067 - 599. What is the units digit of h?
8
Let i(v) = 109*v - 51. What is the tens digit of i(4)?
8
Let w(v) = 13*v**3 - 35*v**2 - v - 18. What is the units digit of w(5)?
7
Let j(p) = 6*p**2 + 3*p + 1. Let u be (1/3)/(7/(-21)). Let t be u/(0 - (-2)/(-6)). What is the tens digit of j(t)?
6
Suppose h - 13 - 1 = 0. Suppose -6*j = -h*j + 200. What is the units digit of j?
5
Let d be (-44)/(-8) + 2/(-4). Suppose -d*w - 66 = -7*w. Suppose -14*z - w = -15*z. What is the tens digit of z?
3
Suppose -4*d + 124 = 28. Suppose -2*g - 6 - 22 = -4*q, 4*q = 4*g + d. What is the units digit of q?
8
Let s(v) = -v**2 - 2. Let r be 6/(-15) - (-6)/15. Let x be s(r). Let w(f) = 7*f**2 + 5*f + 3. What is the tens digit of w(x)?
2
What is the units digit of (3/(-6)*-15)/(2/212)?
5
Let y(l) = 5*l**3 - l**2 + l. Let v be y(1). Suppose -v*a = -a - 144. What is the units digit of a?
6
Let k(n) = n**3 - 5*n**2 - 3*n - 13. Let q be k(6). Suppose q*g + 22 = 7*g. What is the tens digit of g?
1
Let x be (7/(-21))/(2/(-78)). Let t = x + -17. What is the tens digit of 224/t*2/(-4)?
2
Suppose 59286 = 32*a + 9*a. What is the units digit of a?
6
Suppose -15*h = -17*h + 782. What is the hundreds digit of h?
3
Let a(n) = -56*n - 1. Let u(o) = -1. Let c(h) = -a(h) + 2*u(h). What is the tens digit of c(3)?
6
Suppose -9*f - 50 = -11*f. What is the units digit of 2*-5*(-10)/f?
4
Suppose 51*m - 60*m = -396. What is the units digit of m?
4
Let z(h) = 4*h - 8. Let q be z(5). Suppose 18 = 5*u - q. What is the units digit of u?
6
Suppose 18 = 5*c + 3. Suppose i = -2*i - c. What is the units digit of (17 + i)/(7/14)?
2
Let y = -40 + -15. Let c = y - -81. Let n = -16 + c. What is the tens digit of n?
1
What is the tens digit of -2*(-7)/(-14)*-641?
4
Let s = 23 - 5. Suppose 46 = 4*w + p - 4*p, -2*w - p = -s. What is the tens digit of ((-4)/(-3))/(w/285)?
3
Let i(o) be the first derivative of o**4/4 + 5*o**3 + 4*o**2 + 7*o - 16. What is the tens digit of i(-14)?
9
Let o = -850 - -1192. Suppose 0 = -x, -2*x + 34 = 4*f - o. What is the tens digit of f?
9
What is the hundreds digit of 569/(5 + (-54)/12)?
1
Let g be (1 - 2) + (1 - 0). Suppose g*c + 3*c = 303. Suppose 3*u = -38 + c. What is the tens digit of u?
2
Let g(o) be the second derivative of o**4/12 + o**3/6 + 3*o**2 + 2*o. Suppose 0 = 4*u + 2*u - 2*u. What is the units digit of g(u)?
6
Let d = 269 - -989. What is the tens digit of d?
5
Let s be 0/(-2)*(1 - 0). Let g be (s - -3)/3*-6. What is the tens digit of 267/12 + g/24?
2
Let o be ((-2)/4)/((-1)/6). Let i be 12*(27/(-9) + 5). What is the tens digit of 555/i - o/24?
2
Let p = 39 + -89. Let b = 210 + p. Suppose 0*h + b = 4*h. What is the units digit of h?
0
Suppose -4*b - 267 = -2*l + l, 0 = 4*b + l + 261. Suppose -1 = -4*z + 3. What is the tens digit of (b/4)/(z/(-2))?
3
Suppose 5*o + 69 = 2*z, -o = 5*z - 5*o - 198. Suppose -d - n + 15 = 0, -n + z = 3*d + n. What is the units digit of d?
2
Suppose 5*h - 5*k + 175 = 0, h - k - 105 = 4*h. Let g = -34 - h. What is the units digit of g?
1
Suppose 1740 = 2*b - 528. Suppose 12*o - 1134 = b. What is the hundreds digit of o?
1
Suppose -6*u + 2*u + 20 = 0. Suppose 2*s - 27 = o, -5*s + u*o + 35 + 20 = 0. Suppose i + 1 = s. What is the units digit of i?
5
Suppose -1130*i + 1134*i = 152. What is the tens digit of i?
3
Suppose b + 5*g - 19 = 0, -4*b + 5*b + 16 = 2*g. Let k(s) = -s**3 - 4*s**2 - 2*s + 14. Let z be k(b). Suppose 0 = -2*c + 12 + z. What is the units digit of c?
5
Let d(l) be the third derivative of 47*l**5/60 - l**4/6 - l**3/3 + 32*l**2. What is the tens digit of d(-1)?
4
Suppose 5*a + 67 = 2*b, 4*b + a + 2*a = 147. Suppose 11*g = 13*g - 56. Suppose 2*j - b = g. What is the tens digit of j?
3
Suppose -5*g + 3*s - 125 = 0, -5*g - 25 - 95 = -2*s. Let i = g - -13. Let y = 1 - i. What is the tens digit of y?
1
Let b(s) = 2*s**2 + 19*s - 15. Let t be b(-14). Suppose 2*r + 0*r = 8, 3*r = i - t. What is the units digit of i?
3
Let a = 72 - 118. Let j = a - -88. What is the units digit of j?
2
Let x be 1/((4/(-12))/((-177)/(-9))). Let h = 78 + x. What is the units digit of h?
9
Suppose -5*n = -5, -8*u + 5*n = -5*u - 11434. What is the hundreds digit of u?
8
Let j be (-1 + -2)*(-1 - (-654)/(-9)). Suppose -2*p - j = -a + p, 0 = -5*a + 5*p + 1055. What is the tens digit of a?
0
Suppose -k = -5*k - 12. Let g be 22 + k - (3 + -3). Let u = -9 + g. What is the units digit of u?
0
Let x be (-60)/(-27) - 2/9. Suppose 16 = -x*q + 124. What is the units digit of q?
4
Let m(r) = r**2 - 1. Let y be m(2). Suppose -4*i + 108 = y*c, 48 + 33 = 3*i - c. What is the units digit of i?
7
Let w = -113 - -110. What is the tens digit of 137 + (w - 3/3)?
3
Let f(y) = 15*y**2 - y - 15. What is the tens digit of f(-3)?
2
Suppose -203 = -f - b, -f + 4*b - 402 = -3*f. What is the hundreds digit of f?
2
Suppose 0 = -2*k + 4*k + 30. Let n = k - -23. What is the units digit of n?
8
Let g(j) = j**2 + 18*j - 31. Suppose 12*x - 7*x = -115. What is the units digit of g(x)?
4
Suppose -2*b - 1107 = -3*m + b, -b = 4. What is the units digit of m?
5
Let p be 65/455 + ((-776)/(-7))/1. Suppose 131 = 2*i - p. What is the tens digit of i?
2
Suppose 32*z + 8 = 30*z, z - 4406 = -3*m. What is the tens digit of m?
7
Let m = 17 + -4. Suppose 5*w = 4*x + 23, -3*w + 2*x = -m - 0. Suppose -4*v - 124 = -4*j - v, w*j + 2*v -